 x(1) is divided by 78.
17
Let w = 188 + -335. Let u = 214 + w. Calculate the remainder when u is divided by 19.
10
Let u = 1725 + -932. Calculate the remainder when u is divided by 14.
9
Let l be -151 + (4 - 0) - -9. Let t = l + 170. Let p(y) = -12*y + 1. Calculate the remainder when p(-5) is divided by t.
29
Let m(j) = 3*j**2 - 7*j + 6. Let q be m(3). Calculate the remainder when (-2)/12 - (2 - 866/q) is divided by 25.
20
Suppose -12*t = -49*t + 2553. Let g = t + 110. What is the remainder when g is divided by 12?
11
Suppose -5*j + 2*j + 21 = 0. Let i(a) = 6*a**2 - 7*a + 7 - 4*a**2 - j*a + 20*a. What is the remainder when i(-7) is divided by 22?
19
Suppose -16*w - 15*w + 1054 = -93. What is the remainder when 1292 is divided by w?
34
Let w be (-22)/(-3)*(-390)/(-10). Let z = w - 95. Let m(s) = -11*s + 1. What is the remainder when z is divided by m(-1)?
11
Let q = -71 + 95. Suppose -3*u - q = -3*c + 36, 12 = -4*u. What is the remainder when c is divided by (-282)/(-42) - (-4)/14?
3
Suppose -1529*d = -1533*d + 4044. Calculate the remainder when d is divided by 69.
45
Calculate the remainder when 468445/38 + 18 + 7/2 is divided by 32.
29
Let i(u) = 3*u + 57. Let v be i(-19). Suppose 3*y + 2*z - 3*z - 239 = v, 0 = 3*y - 2*z - 244. What is the remainder when y is divided by 39?
0
Let k(f) = 4*f**2 + 1. Let g be k(1). Suppose -3 = 5*p + 3*h, -6*h + h - g = 0. Suppose p = 11*s - 492 + 52. Calculate the remainder when 78 is divided by s.
38
Suppose -67*a + 72*a = 25, -4*y - 3*a = -219. Suppose 4*m - 105 = -3*z - 0*z, -45 = -2*m - 3*z. What is the remainder when y is divided by m?
21
Let h = 390 + -376. Let n = 159 - 104. What is the remainder when n is divided by h?
13
Suppose 0 = 11*g - i - 150, 50*i - 51 = -5*g + 48*i. What is the remainder when 12608 is divided by g?
11
Let q = 12927 + -12311. Calculate the remainder when 1235 is divided by q.
3
Let o(g) = -4*g**3 + 142*g**2 - 65*g + 68. What is the remainder when o(35) is divided by 62?
57
Suppose -11 = -9*w + 61. Let i(b) = -b**3 + 9*b**2 - 2*b - 19. What is the remainder when 171 is divided by i(w)?
26
Let m = 2 + -50. Let j = m + 105. What is the remainder when j is divided by 1/2 - ((-405)/10 - -16)?
7
Let l(k) = -k**2 - 11*k + 29. Let i be l(-13). Suppose -w = 2*j - 4, 5*w - i*j - 11 = 48. What is the remainder when (-1)/(-3) - (-784)/42 is divided by w?
9
Let h be (150/168 + (-2)/14)*4. Suppose 132 = -h*x + 14*x. Calculate the remainder when 226 is divided by x.
10
Let x be 2/(-12) - 8395/30. Calculate the remainder when 747 is divided by (-2)/(-10) - 13944/x.
47
Suppose -5*j + 112 = -j. Calculate the remainder when ((-4356)/87)/(-1) + (-1356)/19662 is divided by j.
22
Let y(a) = 22*a**2 - 2*a + 12. Let q be y(2). Let b = q + -69. Calculate the remainder when b is divided by 15.
12
Suppose -4*k + 4*j = 155 - 751, 5*k - 773 = -2*j. Calculate the remainder when 230 is divided by k.
77
Let f be (555/(-6))/1*64/(-20). Suppose 92 = -4*x + f. What is the remainder when x is divided by 0/(-2) - (-16 + -6 - -4)?
15
Suppose -424*w = -216*w - 214*w + 912. What is the remainder when 170 is divided by w?
18
Let d(v) = 5*v**3 + 3*v**2 - 20*v + 23. Calculate the remainder when d(5) is divided by 159.
146
Suppose h - 4*h = 51. Let f = h - -27. What is the remainder when 5 + 18 + -9 + 14 is divided by f?
8
Let k = 13348 + -13341. Calculate the remainder when 17184 is divided by k.
6
Suppose 0 = -2*j - 4*j - 3*j. Suppose 3*v + 0*v - 9 = j. Suppose 210 = -v*d + 9*d. Calculate the remainder when 64 is divided by d.
29
Let n(h) = 3*h - 12. Let y be n(-6). Let t = 24 - y. What is the remainder when t is divided by 19?
16
Let j(g) = g**2 + 5*g + 4. Let l be j(0). Let v = 38 - l. What is the remainder when ((-4)/(-1) + 0)*34 + -1 is divided by v?
33
Suppose -b + 3*y - 4 = -33, -3*b = 4*y - 87. What is the remainder when 316 is divided by b?
26
Let a(c) = c**2 + 2*c - 82. Let j be a(8). Let m(z) = -27*z - 4. Calculate the remainder when m(-3) is divided by 7 - ((j - -8) + -19).
17
Suppose u - 141 = -5*d - 657, 5*d = -10. What is the remainder when 354 is divided by 46/u + (-1124)/(-22)?
48
Suppose 162 = 2*t + 16*t. Suppose -64 = -t*q + 62. Suppose -12*k + q*k - 22 = 0. What is the remainder when 32 is divided by k?
10
Let i = 3526 - 3387. Calculate the remainder when 1110 is divided by i.
137
Let r(k) = k**3 - 6*k**2 - 4*k - 3. Let w(s) = -3*s + 34. Let v be w(9). Let x be v + (6/8 - (-12)/(-16)). Calculate the remainder when 33 is divided by r(x).
15
Let d(k) = -19*k + 5. Suppose 3*h = -5*o - 12 - 0, 0 = 5*o. Let u be d(h). Let r = 5 + u. Calculate the remainder when r is divided by 30.
26
Let h(j) = 79*j - 384. What is the remainder when h(33) is divided by 62?
53
Let c be 6/(-1) - (3 + -3). Let x(r) = -12*r - 5. Suppose -108*t = -5*h - 107*t + 91, -4*t = -5*h + 94. What is the remainder when x(c) is divided by h?
13
Let s = 62 + -56. Let z be 79/(-3)*(s + (-3 - 0)). Let p = -38 - z. What is the remainder when 203 is divided by p?
39
Suppose -19 = -14*s + 471. Let w = 116 + -240. Let n = 259 + w. What is the remainder when n is divided by s?
30
Let g(z) = 11*z**2 - 15*z + 4. Let j be g(3). Suppose -2*t - 2*b = -92 + 12, 5*b = t - j. What is the remainder when t is divided by 11?
10
Let n = 74 - 72. Suppose -k = -n, -2*q + 24 = -k - 4*k. Suppose m = 5*c + 6, -3*m + 3*c = -m - 12. Calculate the remainder when q is divided by m.
5
Let p(g) = -g**2 + 20*g - 5. Let d be p(15). Suppose -14*m = -9*m - d. What is the remainder when (0 + 6/10)*45 is divided by m?
13
Suppose 72*y + 5*y - 14553 = 0. What is the remainder when 1882 is divided by y?
181
Let v(h) = 2*h + 9. Let x be v(5). Let i be 3 + 1 - (-78 + x). Suppose 4*g = -3*g + i. What is the remainder when 44 is divided by g?
8
Let a = 8 - -95. Let o be (-63)/84*16/(-6). Suppose -d = o*t - 39, -14 = -t + 3*d + 16. What is the remainder when a is divided by t?
19
Suppose 0*m = m - 4*v - 54, -2*m - 4*v = -132. Suppose 99*g - 13*g - 1915 = 1439. Calculate the remainder when m is divided by g.
23
Let v = 19 + -15. Suppose 3*c - 5*c = v*g - 96, 0 = -3*c - g + 139. Calculate the remainder when 458 is divided by c.
44
Suppose -425*l + 136309 = -211116 - 45275. Calculate the remainder when l is divided by 446.
32
Let j(q) = -11*q + 3. Suppose 35 = -6*s - 7. What is the remainder when j(s) is divided by -2*(0 + 1) + 23?
17
Let c = 5824 - 5667. What is the remainder when 464 is divided by c?
150
Suppose 5*z + 5178 = 104869 + 49709. Calculate the remainder when z is divided by 21.
18
Let p(r) = -24*r - 247. Calculate the remainder when p(-16) is divided by 1.
0
Suppose -3*b - 2*b = 2*r - 44, 4*r + 8 = 2*b. Suppose -2*u + 3 = -1. Suppose o + 0*o - 4*q = 51, 2*o + u*q = 82. What is the remainder when o is divided by b?
3
Let k(w) = 45*w - 127. Suppose 5*j = 0, -3*z + 33 + 12 = 3*j. What is the remainder when k(z) is divided by 46?
42
Suppose 0 = -5*d + l + 46, 3*d - 6*l = -l + 10. Let u(i) = -i**2 + 11*i + 19. What is the remainder when u(d) is divided by 16 + 9/(-3) + 3?
13
Let x = 29616 + -24790. Calculate the remainder when x is divided by 17.
15
Suppose -3*a + 2*a + 302 = -4*w, 0 = 3*w + a + 223. Suppose -152*b + 23*b + 11997 = 0. Let v = b + w. What is the remainder when 31 is divided by v?
13
Let t be 12/(-28) - 249777/(-203). Let c = -1204 + t. Let h = 7 + 0. Calculate the remainder when c is divided by h.
5
Suppose -11*c - 22*c - 2541 = 0. Let d = c + 88. What is the remainder when 668 is divided by d?
8
Let m be ((-5)/(-20))/1 + (-2094)/(-8). Let p = 270 - m. Calculate the remainder when 15 is divided by p.
7
Suppose 3*x - 2*j = 943, 0 = -x - 3*j + 282 + 36. Calculate the remainder when x is divided by 17.
9
Let k(n) = n**2 - 2*n - 1. Let w(y) = 10*y**2 - 39*y - 20. Let c(g) = 5*k(g) - w(g). Calculate the remainder when 119 is divided by c(5).
14
Suppose -3 = -2*g - 5. Suppose q + 1 - 14 = 0. Calculate the remainder when q is divided by (-8 + 2 + 2)/g.
1
Suppose 749 + 258 + 869 = 14*u. What is the remainder when 537 is divided by u?
1
Suppose 4*w - 3 = -3*f, -8*f + 10*f = 4*w - 18. Suppose -4*d + d + 144 = w*z, 4*z = 4*d - 216. What is the remainder when 166 is divided by d?
13
Let x = -148 + 150. Suppose 3*o - 3*m - 140 = 2*m, 0 = 5*o - 5*m - 250. What is the re